e?
True
Is 11720327 composite?
True
Is 2414083609 prime?
False
Is 3291190169 prime?
True
Is 3513283571 a prime number?
False
Is 1432612613 composite?
True
Is 856246061 a prime number?
False
Is 21290950111 a composite number?
False
Is 23052951127 a composite number?
False
Is 84506381 a composite number?
False
Is 27027916033 a composite number?
False
Is 962852279 a prime number?
True
Is 4279191671 a composite number?
True
Is 2134295951 composite?
True
Is 51234914443 composite?
False
Is 180504823 a composite number?
False
Is 616361657 composite?
True
Is 26846338423 a prime number?
False
Is 236366509 a composite number?
False
Is 3850037921 a composite number?
True
Is 215014901 a prime number?
True
Is 28639529 a composite number?
False
Is 811747759 prime?
False
Is 150761161 a composite number?
False
Is 1981294613 prime?
True
Is 15692867 a composite number?
True
Is 122115797 a composite number?
False
Is 33699903343 prime?
True
Is 39113507669 a composite number?
False
Is 3943052497 composite?
False
Is 3373189063 a composite number?
True
Is 289008589 prime?
True
Is 22056296021 a prime number?
True
Is 45386312467 composite?
False
Is 123052668181 a composite number?
False
Is 3500871355 prime?
False
Is 5405625359 composite?
False
Is 452900339 composite?
False
Is 373663217 a composite number?
True
Is 17259498947 prime?
True
Is 45278041073 composite?
False
Is 16609894027 a composite number?
False
Is 583979089 a prime number?
False
Is 197394191551 a composite number?
True
Is 730307117 a composite number?
True
Is 24818560919 composite?
False
Is 10549879141 composite?
True
Is 1231186317 composite?
True
Is 2418508567 a composite number?
False
Is 8246911877 prime?
True
Is 4172468101 prime?
True
Is 4063067511 a composite number?
True
Is 1675683111 a prime number?
False
Is 19230504269 a prime number?
False
Is 1008683089 a composite number?
False
Is 42771544063 a prime number?
True
Is 14106072239 a prime number?
False
Is 512116897 prime?
True
Is 2892826733 a prime number?
True
Is 6065238931 a composite number?
False
Is 931973879 prime?
False
Is 64620757 composite?
True
Is 34236582469 a prime number?
False
Is 2892380837 prime?
False
Is 47511661 prime?
False
Is 1518174607 a composite number?
True
Is 245147719 a prime number?
False
Is 579248678 prime?
False
Is 24957904453 a composite number?
False
Is 1332295241 a prime number?
True
Is 5254912907 a composite number?
False
Is 373862987 composite?
True
Is 27087336557 a composite number?
True
Is 522697507 a composite number?
False
Is 6396476227 prime?
False
Is 656743795 a composite number?
True
Is 9908370845 composite?
True
Is 17848161659 a prime number?
True
Is 64472937773 prime?
True
Is 2350014059 prime?
True
Is 21012102179 prime?
True
Is 9992948791 a prime number?
False
Is 9594214907 a prime number?
False
Is 11600809471 prime?
False
Is 236450989 a composite number?
False
Is 32770792471 a composite number?
True
Is 18051746249 composite?
True
Is 31875558283 composite?
False
Is 9879355547 a composite number?
True
Is 40330135 a prime number?
False
Is 462613769 prime?
True
Is 15258287 a prime number?
False
Is 8747250959 a composite number?
False
Is 22989590509 a composite number?
False
Is 29956581961 a prime number?
False
Is 72785617 prime?
False
Is 1727066239 a prime number?
True
Is 53060637593 a composite number?
False
Is 345561609005 composite?
True
Is 3181369427 a composite number?
False
Is 2505814643 composite?
False
Is 724986107 a composite number?
True
Is 1502570063 a composite number?
False
Is 8378951473 a prime number?
True
Is 1894576405 prime?
False
Is 24922805363 a composite number?
False
Is 26709731485 prime?
False
Is 564228167 a prime number?
True
Is 5704752967 composite?
False
Is 1148217461 composite?
False
Is 1598105137 a prime number?
False
Is 483626713 composite?
True
Is 1930710737 a prime number?
True
Is 528841883 prime?
False
Is 2782896581 a composite number?
True
Is 83268857203 composite?
True
Is 14234480209 a prime number?
False
Is 83225587 composite?
False
Is 28169676541 prime?
True
Is 892989623 a composite number?
False
Is 1594924423 a composite number?
False
Is 2775789463 a composite number?
False
Is 17448595859 a composite number?
False
Is 19715111567 a prime number?
True
Is 7134677467 prime?
False
Is 307272937 composite?
True
Is 107067013 a composite number?
True
Is 25676350807 a composite number?
True
Is 6020465597 composite?
True
Is 6726609413 composite?
False
Is 2413414273 a composite number?
False
Is 20004367 a composite number?
False
Is 11701338581 composite?
False
Is 20558412377 a composite number?
False
Is 7258325333 composite?
True
Is 561583211 a composite number?
True
Is 13124799131 a prime number?
True
Is 9128192803 a composite number?
False
Is 9047969519 composite?
False
Is 678491687 prime?
True
Is 4915854803 a prime number?
True
Is 13057911346 a composite number?
True
Is 228613799 composite?
False
Is 25190201977 a prime number?
True
Is 59279155423 a composite number?
False
Is 964607069 prime?
True
Is 1640199857 a composite number?
False
Is 83179459781 composite?
True
Is 2469222971 composite?
True
Is 13298354603 a composite number?
True
Is 2357970133 a prime number?
True
Is 8805728053 composite?
False
Is 51262987 prime?
False
Is 91344465941 a composite number?
True
Is 181212943 a prime number?
True
Is 54470705755 a prime number?
False
Is 2269396889 prime?
True
Is 6930192623 a prime number?
False
Is 10144679599 a composite number?
True
Is 36346101097 composite?
False
Is 1539552643 a prime number?
False
Is 1068047869 a composite number?
True
Is 1944616337 prime?
True
Is 1517132623 prime?
False
Is 217609697 a prime number?
True
Is 122423713 composite?
True
Is 11375127791 composite?
False
Is 3740306261 prime?
True
Is 6402919651 prime?
False
Is 283505861 a prime number?
True
Is 6804795443 composite?
True
Is 42883237 prime?
False
Is 3089815406 a prime number?
False
Is 150921443 prime?
False
Is 8411736577 prime?
False
Is 40824367 prime?
False
Is 2197198109 composite?
True
Is 818958845 composite?
True
Is 904051361 a composite number?
True
Is 744055253 prime?
True
Is 59895285431 composite?
False
Is 3013126957 composite?
False
Is 3809179187 a prime number?
False
Is 135639197 a prime number?
True
Is 48403210841 a prime number?
True
Is 848487197 a composite number?
True
Is 178127407343 a prime number?
True
Is 82996097 a composite number?
False
Is 2577339733 a composite number?
False
Is 59363764811 composite?
True
Is 189358583 prime?
True
Is 107735124361 a composite number?
True
Is 6468945235 composite?
True
Is 4282004213 a prime number?
True
Is 643035439 prime?
False
Is 130793137 a composite number?
False
Is 35326931 prime?
True
Is 8065119913 composite?
False
Is 2410710487 composite?
False
Is 5847864773 a prime number?
False
Is 20526290173 composite?
True
Is 1679268299 prime?
True
Is 253405573 prime?
True
Is 4562362241 prime?
True
Is 1959845287 composite?
True
Is 3843518711 a composite number?
True
Is 33447494833 prime?
True
Is 11607784871 a prime number?
True
Is 1071558769 a composite number?
False
Is 644042851 a prime number?
False
Is 1012143169 a composite number?
False
Is 9335587 a composite number?
False
Is 70303723819 prime?
False
Is 51116865067 a composite number?
False
Is 4091326439 prime?
False
Is 8683213061 a prime number?
True
Is 78176849 composite?
True
Is 13403543033 a prime number?
True
Is 25212061249 composite?
False
Is 6170789749 prime?
True
Is 13002077393 prime?
False
Is 8968862659 a prime number?
False
Is 20415107639 prime?
False
Is 74677888013 a composite number?
False
Is 307069597 composite?
True
Is 2773250107 a composite number?
False
Is 1249700537 a composite number?
False
Is 171905287 a composite number?
True
Is 7144283831 composite?
True
Is 1477442927 a prime number?
False
Is 27072379 composite?
True
Is 1216475317 prime?
True
Is 113507403 a prime number?
False
Is 3726409931 composite?
True
Is 1805271607 a prime number?
True
Is 4688297459 a composite number?
False
Is 913073743 a prime number?
False
Is 27851106377 a prime number?
True
Is 6886792709 a prime number?
False
Is 900659623 a prime number?
True
Is 10229603843 a composite number?
False
Is 836536781 prime?
False
Is 449410393 composite?
True
Is 1817458387 a composite number?
True
Is 6888508761 prime?
False
Is 142715